{"id":2,"date":"2025-10-30T09:51:30","date_gmt":"2025-10-30T07:51:30","guid":{"rendered":"\/?page_id=2"},"modified":"2025-11-07T09:29:46","modified_gmt":"2025-11-07T08:29:46","slug":"beispiel-seite","status":"publish","type":"page","link":"https:\/\/klarweltverlag.de\/index.php\/beispiel-seite\/","title":{"rendered":"\u00dcber uns"},"content":{"rendered":"\n<h4 class=\"wp-block-heading has-text-align-center\">Der Klarwelt Verlag aus Leipzig ist spezialisiert auf die Neuauflage von alten und seltenen B\u00fcchern. Mit unserer Leidenschaft f\u00fcr Literatur und unserem Engagement f\u00fcr den Erhalt des kulturellen Erbes bieten wir Lesern einzigartige Sch\u00e4tze vergangener Zeiten. Entdecken Sie mit uns die Sch\u00e4tze der Literaturwelt.<\/h4>\n\n\n\n<blockquote class=\"wp-block-quote is-layout-flow wp-block-quote-is-layout-flow\">\n<p>&#8222;B\u00fccher mit Geschichte sind nicht nur faszinierende literarische Werke, sondern auch wertvolle Zeitzeugen vergangener Epochen und Quellen der Inspiration f\u00fcr die Gegenwart.&#8220;<\/p>\n<\/blockquote>\n\n\n\n<h4 class=\"wp-block-heading\"><kbd>Alte Sch\u00e4tze neu entdecken<\/kbd><\/h4>\n\n\n\n<blockquote class=\"wp-block-quote is-layout-flow wp-block-quote-is-layout-flow\">\n<p>Wir sind der Klarwelt Verlag, ein unabh\u00e4ngiger Buchverlag mit Sitz in Leipzig. Unser Fokus liegt auf der Neuauflage von alten und seltenen B\u00fcchern, die oft in Vergessenheit geraten sind. Wir glauben daran, dass jedes Buch eine Geschichte zu erz\u00e4hlen hat und es verdient, von einer breiteren Leserschaft entdeckt zu werden. Unsere Leidenschaft f\u00fcr B\u00fccher und das geschriebene Wort treibt uns an, immer wieder nach versteckten Sch\u00e4tzen in der Literaturwelt zu suchen.<\/p>\n<\/blockquote>\n\n\n\n<p><\/p>\n","protected":false},"excerpt":{"rendered":"<p>Der Klarwelt Verlag aus Leipzig ist spezialisiert auf die Neuauflage von alten und seltenen B\u00fcchern. Mit unserer Leidenschaft f\u00fcr Literatur [&hellip;]<\/p>\n","protected":false},"author":1,"featured_media":0,"parent":0,"menu_order":0,"comment_status":"closed","ping_status":"open","template":"","meta":{"site-sidebar-layout":"default","site-content-layout":"","ast-site-content-layout":"narrow-width-container","site-content-style":"default","site-sidebar-style":"default","ast-global-header-display":"","ast-banner-title-visibility":"","ast-main-header-display":"","ast-hfb-above-header-display":"","ast-hfb-below-header-display":"","ast-hfb-mobile-header-display":"","site-post-title":"","ast-breadcrumbs-content":"","ast-featured-img":"","footer-sml-layout":"","ast-disable-related-posts":"","theme-transparent-header-meta":"","adv-header-id-meta":"","stick-header-meta":"","header-above-stick-meta":"","header-main-stick-meta":"","header-below-stick-meta":"","astra-migrate-meta-layouts":"default","ast-page-background-enabled":"default","ast-page-background-meta":{"desktop":{"background-color":"var(--ast-global-color-5)","background-image":"","background-repeat":"repeat","background-position":"center center","background-size":"auto","background-attachment":"scroll","background-type":"","background-media":"","overlay-type":"","overlay-color":"","overlay-opacity":"","overlay-gradient":""},"tablet":{"background-color":"","background-image":"","background-repeat":"repeat","background-position":"center center","background-size":"auto","background-attachment":"scroll","background-type":"","background-media":"","overlay-type":"","overlay-color":"","overlay-opacity":"","overlay-gradient":""},"mobile":{"background-color":"","background-image":"","background-repeat":"repeat","background-position":"center center","background-size":"auto","background-attachment":"scroll","background-type":"","background-media":"","overlay-type":"","overlay-color":"","overlay-opacity":"","overlay-gradient":""}},"ast-content-background-meta":{"desktop":{"background-color":"var(--ast-global-color-4)","background-image":"","background-repeat":"repeat","background-position":"center center","background-size":"auto","background-attachment":"scroll","background-type":"","background-media":"","overlay-type":"","overlay-color":"","overlay-opacity":"","overlay-gradient":""},"tablet":{"background-color":"var(--ast-global-color-4)","background-image":"","background-repeat":"repeat","background-position":"center center","background-size":"auto","background-attachment":"scroll","background-type":"","background-media":"","overlay-type":"","overlay-color":"","overlay-opacity":"","overlay-gradient":""},"mobile":{"background-color":"var(--ast-global-color-4)","background-image":"","background-repeat":"repeat","background-position":"center center","background-size":"auto","background-attachment":"scroll","background-type":"","background-media":"","overlay-type":"","overlay-color":"","overlay-opacity":"","overlay-gradient":""}},"slim_seo":{"title":"\u00dcber uns","description":"Der Klarwelt Verlag aus Leipzig ist spezialisiert auf die Neuauflage von alten und seltenen B\u00fcchern. Mit unserer Leidenschaft f\u00fcr Literatur und unserem Engageme"},"footnotes":""},"class_list":["post-2","page","type-page","status-publish","hentry"],"_links":{"self":[{"href":"https:\/\/klarweltverlag.de\/index.php\/wp-json\/wp\/v2\/pages\/2","targetHints":{"allow":["GET"]}}],"collection":[{"href":"https:\/\/klarweltverlag.de\/index.php\/wp-json\/wp\/v2\/pages"}],"about":[{"href":"https:\/\/klarweltverlag.de\/index.php\/wp-json\/wp\/v2\/types\/page"}],"author":[{"embeddable":true,"href":"https:\/\/klarweltverlag.de\/index.php\/wp-json\/wp\/v2\/users\/1"}],"replies":[{"embeddable":true,"href":"https:\/\/klarweltverlag.de\/index.php\/wp-json\/wp\/v2\/comments?post=2"}],"version-history":[{"count":3,"href":"https:\/\/klarweltverlag.de\/index.php\/wp-json\/wp\/v2\/pages\/2\/revisions"}],"predecessor-version":[{"id":162,"href":"https:\/\/klarweltverlag.de\/index.php\/wp-json\/wp\/v2\/pages\/2\/revisions\/162"}],"wp:attachment":[{"href":"https:\/\/klarweltverlag.de\/index.php\/wp-json\/wp\/v2\/media?parent=2"}],"curies":[{"name":"wp","href":"https:\/\/api.w.org\/{rel}","templated":true}]}}