{"id":265,"date":"2026-01-07T13:26:16","date_gmt":"2026-01-07T12:26:16","guid":{"rendered":"https:\/\/657665.test-my-website.de\/?post_type=product&#038;p=265"},"modified":"2026-01-07T13:31:37","modified_gmt":"2026-01-07T12:31:37","slug":"tsingtau-geschichte-einer-verlorenen-kolonie","status":"publish","type":"product","link":"https:\/\/klarweltverlag.de\/index.php\/produkt\/tsingtau-geschichte-einer-verlorenen-kolonie\/","title":{"rendered":"Tsingtau &#8211; Geschichte einer verlorenen Kolonie"},"content":{"rendered":"<p class=\"cvGsUA direction-ltr align-start para-style-body\"><span class=\"a_GcMg font-feature-liga-off font-feature-clig-off font-feature-calt-off text-decoration-none text-strikethrough-none\">Mit dem Ausbruch des Ersten Weltkriegs geriet die <strong>deutsche Kolonie Tsingtau<\/strong> im Fernen Osten schlagartig in den Mittelpunkt internationaler Auseinandersetzungen. Fern der europ\u00e4ischen Kriegsschaupl\u00e4tze wurde der kleine, gut ausgebaute St\u00fctzpunkt an der K\u00fcste Chinas zum Ziel einer \u00fcberlegenen Streitmacht aus japanischen und britischen Truppen. Wochenlang hielt die Garnison der Belagerung stand \u2013 isoliert, zahlenm\u00e4\u00dfig unterlegen und abgeschnitten vom Mutterland.<\/span><\/p>\n<p class=\"cvGsUA direction-ltr align-start para-style-body\"><span class=\"a_GcMg font-feature-liga-off font-feature-clig-off font-feature-calt-off text-decoration-none text-strikethrough-none\">Otto von Gottberg schildert in \u201cTsingtau\u201d den Verlauf dieser <strong>Belagerung aus zeitgen\u00f6ssischer Perspektive<\/strong>. Er beschreibt den Alltag der Soldaten und Matrosen, die Vorbereitung der Verteidigung, die zunehmende Materialknappheit und den milit\u00e4rischen Druck eines modernen Krieges. Dabei stehen nicht allein taktische Entscheidungen im Vordergrund, sondern auch Disziplin, Kameradschaft und der Versuch, Ordnung unter au\u00dfergew\u00f6hnlichen Bedingungen aufrechtzuerhalten.<\/span><\/p>\n<p class=\"cvGsUA direction-ltr align-start para-style-body\"><span class=\"a_GcMg font-feature-liga-off font-feature-clig-off font-feature-calt-off text-decoration-none text-strikethrough-none\">Das Buch ist zugleich <strong>milit\u00e4rhistorischer Bericht<\/strong> und Dokument seiner Zeit. Es vermittelt ein Bild davon, wie das <strong>Deutsche Reich<\/strong> seine koloniale Pr\u00e4senz verstand und welche Bedeutung Tsingtau als Symbol und St\u00fctzpunkt besa\u00df. \u201cTsingtau\u201d erz\u00e4hlt vom Ende einer deutschen Kolonie \u2013 und von einem Krieg, der l\u00e4ngst global geworden war.<\/span><\/p>\n","protected":false},"excerpt":{"rendered":"<p>Taschenbuch \/ eBook<\/p>\n","protected":false},"featured_media":266,"template":"","meta":{"site-sidebar-layout":"default","site-content-layout":"","ast-site-content-layout":"default","site-content-style":"default","site-sidebar-style":"default","ast-global-header-display":"","ast-banner-title-visibility":"","ast-main-header-display":"","ast-hfb-above-header-display":"","ast-hfb-below-header-display":"","ast-hfb-mobile-header-display":"","site-post-title":"","ast-breadcrumbs-content":"","ast-featured-img":"","footer-sml-layout":"","ast-disable-related-posts":"","theme-transparent-header-meta":"default","adv-header-id-meta":"","stick-header-meta":"","header-above-stick-meta":"","header-main-stick-meta":"","header-below-stick-meta":"","astra-migrate-meta-layouts":"set","ast-page-background-enabled":"default","ast-page-background-meta":{"desktop":{"background-color":"var(--ast-global-color-5)","background-image":"","background-repeat":"repeat","background-position":"center center","background-size":"auto","background-attachment":"scroll","background-type":"","background-media":"","overlay-type":"","overlay-color":"","overlay-opacity":"","overlay-gradient":""},"tablet":{"background-color":"","background-image":"","background-repeat":"repeat","background-position":"center center","background-size":"auto","background-attachment":"scroll","background-type":"","background-media":"","overlay-type":"","overlay-color":"","overlay-opacity":"","overlay-gradient":""},"mobile":{"background-color":"","background-image":"","background-repeat":"repeat","background-position":"center center","background-size":"auto","background-attachment":"scroll","background-type":"","background-media":"","overlay-type":"","overlay-color":"","overlay-opacity":"","overlay-gradient":""}},"ast-content-background-meta":{"desktop":{"background-color":"var(--ast-global-color-4)","background-image":"","background-repeat":"repeat","background-position":"center center","background-size":"auto","background-attachment":"scroll","background-type":"","background-media":"","overlay-type":"","overlay-color":"","overlay-opacity":"","overlay-gradient":""},"tablet":{"background-color":"var(--ast-global-color-4)","background-image":"","background-repeat":"repeat","background-position":"center center","background-size":"auto","background-attachment":"scroll","background-type":"","background-media":"","overlay-type":"","overlay-color":"","overlay-opacity":"","overlay-gradient":""},"mobile":{"background-color":"var(--ast-global-color-4)","background-image":"","background-repeat":"repeat","background-position":"center center","background-size":"auto","background-attachment":"scroll","background-type":"","background-media":"","overlay-type":"","overlay-color":"","overlay-opacity":"","overlay-gradient":""}},"slim_seo":{"title":"Tsingtau - Geschichte einer verlorenen Kolonie","description":"Taschenbuch \/ eBook"}},"product_brand":[],"product_cat":[25],"product_tag":[],"class_list":{"0":"post-265","1":"product","2":"type-product","3":"status-publish","4":"has-post-thumbnail","6":"product_cat-erster-weltkrieg","7":"desktop-align-left","8":"tablet-align-left","9":"mobile-align-left","11":"first","12":"instock","13":"shipping-taxable","14":"product-type-external"},"_links":{"self":[{"href":"https:\/\/klarweltverlag.de\/index.php\/wp-json\/wp\/v2\/product\/265","targetHints":{"allow":["GET"]}}],"collection":[{"href":"https:\/\/klarweltverlag.de\/index.php\/wp-json\/wp\/v2\/product"}],"about":[{"href":"https:\/\/klarweltverlag.de\/index.php\/wp-json\/wp\/v2\/types\/product"}],"wp:featuredmedia":[{"embeddable":true,"href":"https:\/\/klarweltverlag.de\/index.php\/wp-json\/wp\/v2\/media\/266"}],"wp:attachment":[{"href":"https:\/\/klarweltverlag.de\/index.php\/wp-json\/wp\/v2\/media?parent=265"}],"wp:term":[{"taxonomy":"product_brand","embeddable":true,"href":"https:\/\/klarweltverlag.de\/index.php\/wp-json\/wp\/v2\/product_brand?post=265"},{"taxonomy":"product_cat","embeddable":true,"href":"https:\/\/klarweltverlag.de\/index.php\/wp-json\/wp\/v2\/product_cat?post=265"},{"taxonomy":"product_tag","embeddable":true,"href":"https:\/\/klarweltverlag.de\/index.php\/wp-json\/wp\/v2\/product_tag?post=265"}],"curies":[{"name":"wp","href":"https:\/\/api.w.org\/{rel}","templated":true}]}}